{"id":54,"date":"2016-08-18T10:57:10","date_gmt":"2016-08-18T08:57:10","guid":{"rendered":"http:\/\/eschkg.ch.80-74-146-216.ashley.xelon.ch\/?page_id=54"},"modified":"2021-08-04T11:15:41","modified_gmt":"2021-08-04T09:15:41","slug":"anschluss-bestellen","status":"publish","type":"page","link":"https:\/\/eschkg.interweavers.ch\/?page_id=54","title":{"rendered":"Teilnehmer anmelden"},"content":{"rendered":"<p>Mit diesem Formular melden Sie einen neuen Verbund-Teilnehmer an und bestellen f\u00fcr diesen einen neuen SEDEX Anschluss verbindlich und <a href=\"https:\/\/www.fedlex.admin.ch\/eli\/cc\/1996\/2937_2937_2937\/de#art_15_a)\" target=\"_blank\" rel=\"noopener\">kostenpflichtig<\/a>.<\/p>\n\n<div class=\"wpcf7 no-js\" id=\"wpcf7-f531-o1\" lang=\"de-DE\" dir=\"ltr\">\n<div class=\"screen-reader-response\"><p role=\"status\" aria-live=\"polite\" aria-atomic=\"true\"><\/p> <ul><\/ul><\/div>\n<form action=\"\/index.php?rest_route=%2Fwp%2Fv2%2Fpages%2F54#wpcf7-f531-o1\" method=\"post\" class=\"wpcf7-form init\" aria-label=\"Kontaktformular\" novalidate=\"novalidate\" data-status=\"init\">\n<div style=\"display: none;\">\n<input type=\"hidden\" name=\"_wpcf7\" value=\"531\" \/>\n<input type=\"hidden\" name=\"_wpcf7_version\" value=\"5.9.2\" \/>\n<input type=\"hidden\" name=\"_wpcf7_locale\" value=\"de_DE\" \/>\n<input type=\"hidden\" name=\"_wpcf7_unit_tag\" value=\"wpcf7-f531-o1\" \/>\n<input type=\"hidden\" name=\"_wpcf7_container_post\" value=\"0\" \/>\n<input type=\"hidden\" name=\"_wpcf7_posted_data_hash\" value=\"\" \/>\n<input type=\"hidden\" name=\"_wpcf7_recaptcha_response\" value=\"\" \/>\n<\/div>\n<h3>Angaben zur Organisation\n<\/h3>\n<p><label> Firma oder Amt<br \/>\n<span class=\"wpcf7-form-control-wrap\" data-name=\"organisation-name\"><input size=\"40\" class=\"wpcf7-form-control wpcf7-text wpcf7-validates-as-required\" aria-required=\"true\" aria-invalid=\"false\" value=\"\" type=\"text\" name=\"organisation-name\" \/><\/span> <\/label><br \/>\n<label> Dienststelle \/ Bereich \/ Sektion<br \/>\n<span class=\"wpcf7-form-control-wrap\" data-name=\"organisation-department\"><input size=\"40\" class=\"wpcf7-form-control wpcf7-text wpcf7-validates-as-required\" aria-required=\"true\" aria-invalid=\"false\" value=\"\" type=\"text\" name=\"organisation-department\" \/><\/span> <\/label><br \/>\n<label> Firmen- oder Gemeindenummer wenn vorhanden (UID, BfS)<br \/>\n<span class=\"wpcf7-form-control-wrap\" data-name=\"organisation-uid\"><input size=\"40\" class=\"wpcf7-form-control wpcf7-text wpcf7-validates-as-required\" aria-required=\"true\" aria-invalid=\"false\" value=\"\" type=\"text\" name=\"organisation-uid\" \/><\/span> <\/label>\n<\/p>\n<p><label> Strasse, die Adresse muss in der Schweiz liegen. <a href=\"https:\/\/www.fedlex.admin.ch\/eli\/cc\/11\/529_488_529\/de#art_67\">Informationen zum Wohnort des Gl\u00e4ubigers SchKG Art. 67<\/a><br \/>\n<span class=\"wpcf7-form-control-wrap\" data-name=\"organisation-street\"><input size=\"40\" class=\"wpcf7-form-control wpcf7-text wpcf7-validates-as-required\" aria-required=\"true\" aria-invalid=\"false\" value=\"\" type=\"text\" name=\"organisation-street\" \/><\/span> <\/label><br \/>\n<label> Hausnummer<br \/>\n<span class=\"wpcf7-form-control-wrap\" data-name=\"organisation-streetnumber\"><input size=\"40\" class=\"wpcf7-form-control wpcf7-text wpcf7-validates-as-required\" aria-required=\"true\" aria-invalid=\"false\" value=\"\" type=\"text\" name=\"organisation-streetnumber\" \/><\/span> <\/label><br \/>\n<label> PLZ<br \/>\n<span class=\"wpcf7-form-control-wrap\" data-name=\"organisation-zip\"><input size=\"40\" class=\"wpcf7-form-control wpcf7-text wpcf7-validates-as-required\" aria-required=\"true\" aria-invalid=\"false\" value=\"\" type=\"text\" name=\"organisation-zip\" \/><\/span> <\/label><br \/>\n<label> Ort<br \/>\n<span class=\"wpcf7-form-control-wrap\" data-name=\"organisation-city\"><input size=\"40\" class=\"wpcf7-form-control wpcf7-text wpcf7-validates-as-required\" aria-required=\"true\" aria-invalid=\"false\" value=\"\" type=\"text\" name=\"organisation-city\" \/><\/span> <\/label>\n<\/p>\n<p><label> Kanton<br \/>\n<span class=\"wpcf7-form-control-wrap\" data-name=\"kanton\"><select class=\"wpcf7-form-control wpcf7-select wpcf7-validates-as-required\" aria-required=\"true\" aria-invalid=\"false\" name=\"kanton\"><option value=\"\"><\/option><option value=\"AG\">AG<\/option><option value=\"AI\">AI<\/option><option value=\"AR\">AR<\/option><option value=\"BE\">BE<\/option><option value=\"BL\">BL<\/option><option value=\"BS\">BS<\/option><option value=\"FR\">FR<\/option><option value=\"GE\">GE<\/option><option value=\"GL\">GL<\/option><option value=\"GR\">GR<\/option><option value=\"JU\">JU<\/option><option value=\"LU\">LU<\/option><option value=\"NE\">NE<\/option><option value=\"NW\">NW<\/option><option value=\"OW\">OW<\/option><option value=\"SG\">SG<\/option><option value=\"SH\">SH<\/option><option value=\"SO\">SO<\/option><option value=\"SZ\">SZ<\/option><option value=\"TG\">TG<\/option><option value=\"TI\">TI<\/option><option value=\"UR\">UR<\/option><option value=\"VD\">VD<\/option><option value=\"VS\">VS<\/option><option value=\"ZG\">ZG<\/option><option value=\"ZH\">ZH<\/option><\/select><\/span> <\/label><br \/>\n<label> Korrespondenz Sprache<br \/>\n<span class=\"wpcf7-form-control-wrap\" data-name=\"korrespondenz-sprache\"><select class=\"wpcf7-form-control wpcf7-select\" aria-invalid=\"false\" name=\"korrespondenz-sprache\"><option value=\"deutsch\">deutsch<\/option><option value=\"fran\u00e7ais\">fran\u00e7ais<\/option><option value=\"italiano\">italiano<\/option><\/select><\/span> <\/label>\n<\/p>\n<h3>Rechnungsstellung\n<\/h3>\n<p><label> Rechnungszusatz<br \/>\n<span class=\"wpcf7-form-control-wrap\" data-name=\"invoice-addendum\"><input size=\"40\" class=\"wpcf7-form-control wpcf7-text\" aria-invalid=\"false\" value=\"\" type=\"text\" name=\"invoice-addendum\" \/><\/span> <\/label><br \/>\n<label> abweichende Rechnungsadresse<br \/>\n<span class=\"wpcf7-form-control-wrap\" data-name=\"invoice-adress\"><textarea cols=\"40\" rows=\"10\" class=\"wpcf7-form-control wpcf7-textarea\" aria-invalid=\"false\" name=\"invoice-adress\"><\/textarea><\/span><\/label><br \/>\n<label> E-Rechnung? Registrieren Sie sich auf der Seite <a href=\"https:\/\/www.efv.admin.ch\/efv\/de\/home\/efv\/erechnung\/pdf-rg-mail.html\">Anmeldung f\u00fcr den Empfang von PDF-Rechnungen per E-Mail<\/a> <\/label>\n<\/p>\n<h3>Eingesetzte eSchKG Software\n<\/h3>\n<p><label> Produktname oder Anbieter<br \/>\n<span class=\"wpcf7-form-control-wrap\" data-name=\"sw-brand\"><input size=\"40\" class=\"wpcf7-form-control wpcf7-text wpcf7-validates-as-required\" aria-required=\"true\" aria-invalid=\"false\" value=\"\" type=\"text\" name=\"sw-brand\" \/><\/span> <\/label>\n<\/p>\n<h3>Verantwortliche Person f\u00fcr das Administrative\n<\/h3>\n<p>Vertretung der Organisation: Verantwortlich f\u00fcr die Einhaltung der eSchKG-Richtlinien gem\u00e4ss Verordnung des EJPD \u00fcber die elektronische \u00dcbermittlung im Betreibungswesen. Stimmt sich mit der technisch verantwortlichen Person ab. Ist Ansprechperson f\u00fcr finanzielle Fragen.\n<\/p>\n<p><label> Name<br \/>\n<span class=\"wpcf7-form-control-wrap\" data-name=\"admin-name\"><input size=\"40\" class=\"wpcf7-form-control wpcf7-text wpcf7-validates-as-required\" aria-required=\"true\" aria-invalid=\"false\" value=\"\" type=\"text\" name=\"admin-name\" \/><\/span> <\/label><br \/>\n<label> Vorname<br \/>\n<span class=\"wpcf7-form-control-wrap\" data-name=\"admin-firstname\"><input size=\"40\" class=\"wpcf7-form-control wpcf7-text wpcf7-validates-as-required\" aria-required=\"true\" aria-invalid=\"false\" value=\"\" type=\"text\" name=\"admin-firstname\" \/><\/span> <\/label><br \/>\n<label> E-Mail<br \/>\n<span class=\"wpcf7-form-control-wrap\" data-name=\"admin-email\"><input size=\"40\" class=\"wpcf7-form-control wpcf7-email wpcf7-validates-as-required wpcf7-text wpcf7-validates-as-email\" aria-required=\"true\" aria-invalid=\"false\" value=\"\" type=\"email\" name=\"admin-email\" \/><\/span> <\/label><br \/>\n<label> Telefon<br \/>\n<span class=\"wpcf7-form-control-wrap\" data-name=\"admin-phone\"><input size=\"40\" class=\"wpcf7-form-control wpcf7-text wpcf7-validates-as-required\" aria-required=\"true\" aria-invalid=\"false\" value=\"\" type=\"text\" name=\"admin-phone\" \/><\/span> <\/label>\n<\/p>\n<h3>Verantwortliche Person f\u00fcr das Technische\n<\/h3>\n<p>IT-Verantwortliche Person: Verantwortlich f\u00fcr den Betrieb des sedex-Clients. Erh\u00e4lt das Einmalpasswort (OTP) und den Certificate Request Identifier (CRID) f\u00fcr die Erstinstallation. Wird bei technischen Problemen mit dem elektronischen Datenaustausch oder Zertifikaten kontaktiert.\n<\/p>\n<p><label> Name<br \/>\n<span class=\"wpcf7-form-control-wrap\" data-name=\"tech-name\"><input size=\"40\" class=\"wpcf7-form-control wpcf7-text wpcf7-validates-as-required\" aria-required=\"true\" aria-invalid=\"false\" value=\"\" type=\"text\" name=\"tech-name\" \/><\/span> <\/label><br \/>\n<label> Vorname<br \/>\n<span class=\"wpcf7-form-control-wrap\" data-name=\"tech-firstname\"><input size=\"40\" class=\"wpcf7-form-control wpcf7-text wpcf7-validates-as-required\" aria-required=\"true\" aria-invalid=\"false\" value=\"\" type=\"text\" name=\"tech-firstname\" \/><\/span> <\/label><br \/>\n<label> E-Mail<br \/>\n<span class=\"wpcf7-form-control-wrap\" data-name=\"tech-email\"><input size=\"40\" class=\"wpcf7-form-control wpcf7-email wpcf7-validates-as-required wpcf7-text wpcf7-validates-as-email\" aria-required=\"true\" aria-invalid=\"false\" value=\"\" type=\"email\" name=\"tech-email\" \/><\/span> <\/label>\n<\/p>\n<p><label> Mobilnummer zwingend angeben, um Zugangsdaten (OTP) per SMS zu erhalten<br \/>\n<span class=\"wpcf7-form-control-wrap\" data-name=\"tech-mobile\"><input size=\"40\" class=\"wpcf7-form-control wpcf7-text wpcf7-validates-as-required\" aria-required=\"true\" aria-invalid=\"false\" placeholder=\"+41791234567 oder 0791234567\" value=\"\" type=\"text\" name=\"tech-mobile\" \/><\/span><br \/>\n<\/label>\n<\/p>\n<h3>Infrastruktur f\u00fcr den elektronischen Datenaustausch\n<\/h3>\n<p>F\u00fcr Unternehmungen mit mehreren eSchKG-Teilnehmern, soll mit einer differenzierten Bezeichnung eine Verwechslung vermieden werden.\n<\/p>\n<p><label> Bezeichnung<br \/>\n<span class=\"wpcf7-form-control-wrap\" data-name=\"participant\"><select class=\"wpcf7-form-control wpcf7-select wpcf7-validates-as-required\" aria-required=\"true\" aria-invalid=\"false\" name=\"participant\"><option value=\"Bezeichnung ist identisch mit Organisation (Firma - Dienststelle)\">Bezeichnung ist identisch mit Organisation (Firma - Dienststelle)<\/option><option value=\"Abweichende Bezeichnung - Bitte im Feld Bemerkung gew\u00fcnschte Bezeichnung eingeben\">Abweichende Bezeichnung - Bitte im Feld Bemerkung gew\u00fcnschte Bezeichnung eingeben<\/option><\/select><\/span> <\/label><br \/>\n<label> Topology<br \/>\n<span class=\"wpcf7-form-control-wrap\" data-name=\"topology\"><select class=\"wpcf7-form-control wpcf7-select wpcf7-validates-as-required\" aria-required=\"true\" aria-invalid=\"false\" name=\"topology\"><option value=\"Erstellung eines neuen sedex-Anschluss (Neukunde)\">Erstellung eines neuen sedex-Anschluss (Neukunde)<\/option><option value=\"Konfiguration eines neuen logischen Anschluss. Bitte in Bemerkung die \u00fcbergeordnete sedex-ID angeben (Router)\">Konfiguration eines neuen logischen Anschluss. Bitte in Bemerkung die \u00fcbergeordnete sedex-ID angeben (Router)<\/option><\/select><\/span> <\/label><br \/>\n<label> Umgebung<br \/>\n<span class=\"wpcf7-form-control-wrap\" data-name=\"environment\"><select class=\"wpcf7-form-control wpcf7-select wpcf7-validates-as-required\" aria-required=\"true\" aria-invalid=\"false\" name=\"environment\"><option value=\"Anschluss f\u00fcr produktiven Datenaustausch\">Anschluss f\u00fcr produktiven Datenaustausch<\/option><option value=\"Anschluss zu Testzwecken\">Anschluss zu Testzwecken<\/option><\/select><\/span> <\/label>\n<\/p>\n<h3>Vereinbarung\n<\/h3>\n<p><label> Ein Muster der <a href=\"https:\/\/www.eschkg.ch\/wp-content\/uploads\/2020\/02\/Vorlage_eSchKG-Vereinbarung_Dezember_2019_DE.pdf\">eSchKG-Vereinbarung<\/a> zu Ihrer Information<\/label><br \/>\n<label> Besteht bereits eine Vereinbarung mit dieser Organisation?<br \/>\n<span class=\"wpcf7-form-control-wrap\" data-name=\"vereinbarung\"><select class=\"wpcf7-form-control wpcf7-select\" aria-invalid=\"false\" name=\"vereinbarung\"><option value=\"Nein, Bitte neue Vereinbarung erstellen\">Nein, Bitte neue Vereinbarung erstellen<\/option><option value=\"Ja, eSchKG Vereinbarung bereits vorhanden\">Ja, eSchKG Vereinbarung bereits vorhanden<\/option><option value=\"Unbekannt, Bitte pr\u00fcfen\">Unbekannt, Bitte pr\u00fcfen<\/option><\/select><\/span> <\/label><br \/>\n<label> Wenn Ja oder Unbekannt: Unterzeichner 1 (Unterzeichnungsberechtigte gem\u00e4ss Handelsregister)<br \/>\n<span class=\"wpcf7-form-control-wrap\" data-name=\"signer_1\"><input size=\"40\" class=\"wpcf7-form-control wpcf7-text\" aria-invalid=\"false\" value=\"\" type=\"text\" name=\"signer_1\" \/><\/span> <\/label><br \/>\n<label> Unterzeichner 2<br \/>\n<span class=\"wpcf7-form-control-wrap\" data-name=\"signer_2\"><input size=\"40\" class=\"wpcf7-form-control wpcf7-text\" aria-invalid=\"false\" value=\"\" type=\"text\" name=\"signer_2\" \/><\/span> <\/label><br \/>\n<label> E-Mail f\u00fcr R\u00fcckfragen zu dieser Anmeldung<br \/>\n<span class=\"wpcf7-form-control-wrap\" data-name=\"kontakt-email\"><input size=\"40\" class=\"wpcf7-form-control wpcf7-email wpcf7-validates-as-required wpcf7-text wpcf7-validates-as-email\" aria-required=\"true\" aria-invalid=\"false\" value=\"\" type=\"email\" name=\"kontakt-email\" \/><\/span> <\/label><br \/>\n<label> Bemerkung<br \/>\n<span class=\"wpcf7-form-control-wrap\" data-name=\"textarea-176\"><textarea cols=\"40\" rows=\"10\" class=\"wpcf7-form-control wpcf7-textarea\" aria-invalid=\"false\" name=\"textarea-176\"><\/textarea><\/span><\/label><br \/>\n<label> <input class=\"wpcf7-form-control wpcf7-submit has-spinner\" type=\"submit\" value=\"Senden\" \/><\/label>\n<\/p><div class=\"wpcf7-response-output\" aria-hidden=\"true\"><\/div>\n<\/form>\n<\/div>\n\n","protected":false},"excerpt":{"rendered":"<p>Mit diesem Formular melden Sie einen neuen Verbund-Teilnehmer an und bestellen f\u00fcr diesen einen neuen SEDEX Anschluss verbindlich und kostenpflichtig.<\/p>\n","protected":false},"author":1,"featured_media":0,"parent":0,"menu_order":0,"comment_status":"closed","ping_status":"closed","template":"","meta":{"footnotes":""},"tags":[],"class_list":["post-54","page","type-page","status-publish","hentry"],"_links":{"self":[{"href":"https:\/\/eschkg.interweavers.ch\/index.php?rest_route=\/wp\/v2\/pages\/54","targetHints":{"allow":["GET"]}}],"collection":[{"href":"https:\/\/eschkg.interweavers.ch\/index.php?rest_route=\/wp\/v2\/pages"}],"about":[{"href":"https:\/\/eschkg.interweavers.ch\/index.php?rest_route=\/wp\/v2\/types\/page"}],"author":[{"embeddable":true,"href":"https:\/\/eschkg.interweavers.ch\/index.php?rest_route=\/wp\/v2\/users\/1"}],"replies":[{"embeddable":true,"href":"https:\/\/eschkg.interweavers.ch\/index.php?rest_route=%2Fwp%2Fv2%2Fcomments&post=54"}],"version-history":[{"count":10,"href":"https:\/\/eschkg.interweavers.ch\/index.php?rest_route=\/wp\/v2\/pages\/54\/revisions"}],"predecessor-version":[{"id":2155,"href":"https:\/\/eschkg.interweavers.ch\/index.php?rest_route=\/wp\/v2\/pages\/54\/revisions\/2155"}],"wp:attachment":[{"href":"https:\/\/eschkg.interweavers.ch\/index.php?rest_route=%2Fwp%2Fv2%2Fmedia&parent=54"}],"wp:term":[{"taxonomy":"post_tag","embeddable":true,"href":"https:\/\/eschkg.interweavers.ch\/index.php?rest_route=%2Fwp%2Fv2%2Ftags&post=54"}],"curies":[{"name":"wp","href":"https:\/\/api.w.org\/{rel}","templated":true}]}}