{"id":424,"date":"2017-01-14T17:40:43","date_gmt":"2017-01-14T16:40:43","guid":{"rendered":"http:\/\/eschkg.ch.80-74-146-216.ashley.xelon.ch\/?page_id=424"},"modified":"2020-04-27T11:39:45","modified_gmt":"2020-04-27T09:39:45","slug":"faq-2","status":"publish","type":"page","link":"https:\/\/eschkg.interweavers.ch\/?page_id=424","title":{"rendered":"H\u00e4ufige Fragen"},"content":{"rendered":"<p><a href=\"#anchor01\">Wenn ich ein Begehren auf Papier einreiche, erhalte ich dann eSchKG Meldungen als Antwort?<\/a><\/p>\n<p><a href=\"#anchor02\">Wie lange dauert es, bis das Amt die SA Meldung schickt?<\/a><\/p>\n<p><a href=\"#anchor03\">Warum sendet mir das Amt eine Fehlermeldung (errors)?<\/a><\/p>\n<p><a href=\"#anchor04\">Warum wurde mein Begehren zur\u00fcckgewiesen (rejected)?<\/a><\/p>\n<p><a href=\"#anchor05\">Wieso gibt es mehr als eine Variante, um die Betreibung fortzusetzen?<\/a><\/p>\n<p><a href=\"#anchor06\">Welche Variante f\u00fcr die Fortsetzung soll ich anwenden?<\/a><\/p>\n<p><a href=\"#anchor07\">Was ist der Unterschied zwischen major und minor Version?<\/a><\/p>\n<p><a href=\"#anchor08\">Warum dauert es so lange, eine neue eSchKG Version zu erstellen?<\/a><\/p>\n<p><a href=\"#anchor09\">Was sind &#8222;charges&#8220;?<\/a><\/p>\n<p><a href=\"#anchor10\">Wie kann ich ein Begehren wieder r\u00fcckg\u00e4ngig machen?<\/a><\/p>\n<p><a href=\"#anchor11\">Was ist der Unterschied zwischen beenden und zur\u00fcckziehen?<\/a><\/p>\n<p><a href=\"#anchor12\">Wie muss ich eine Betreibung beenden?<\/a><\/p>\n<p><a href=\"#anchor13\">Wie muss ich die Betreibung zur\u00fcckziehen?<\/a><\/p>\n<hr \/>\n<p><a name=\"anchor01\"><\/a><strong>Wenn ich ein Begehren auf Papier einreiche, erhalte ich dann eSchKG Meldungen als Antwort?<\/strong><\/p>\n<p>Antwort: Wenn Sie ein Begehren (Betreibung, Fortsetzung oder Verwertung) auf Papier einreichen, so kann das Amt keine eSchKG Meldungen dazu liefern. Eine wichtige Regel von eSchKG lautet, dass das Begehren mit eSchKG eingereicht werden muss, um eSchKG Antworten des Amtes zu erhalten.<\/p>\n<p><a name=\"anchor02\"><\/a><strong>Wie lange dauert es, bis das Amt die SA Meldung schickt?<\/strong><\/p>\n<p>Antwort: Die \u00c4mter sind angewiesen, die SA Meldung zu senden, sobald das Begehren in die Fallbearbeitung \u00fcbernommen worden ist. Somit h\u00e4ngt es von den Verarbeitungsprozessen im Amt ab, wann es das Begehren mit der SA Meldung quittiert.<\/p>\n<p><a name=\"anchor03\"><\/a><strong>Warum sendet mir das Amt eine Fehlermeldung (errors)?<\/strong><\/p>\n<p>Antwort: Die eSchKG Meldung war technisch fehlerhaft. Lesen Sie die Antwort des Amtes <em>(errorCode<\/em> und ggf. <em>errorReason<\/em> in der SA Meldung) und \u00fcberpr\u00fcfen Sie ihre Daten mittels des <a href=\"http:\/\/www.sanitycheck.ch\">Sanity Check<\/a> Dienstes.<\/p>\n<p><a name=\"anchor04\"><\/a><strong>Warum wurde mein Begehren zur\u00fcckgewiesen (rejected)?<\/strong><\/p>\n<p>Antwort: Eine R\u00fcckweisung hat immer fachliche Gr\u00fcnde. Lesen Sie die Begr\u00fcndung <em>actionReport\/remarks<\/em> in der SA Meldung, um mehr zu erfahren.<\/p>\n<p><a name=\"anchor05\"><\/a><strong>Wieso gibt es mehr als eine Variante, um die Betreibung fortzusetzen?<\/strong><\/p>\n<p>Antwort: Die Art der Fortsetzung h\u00e4ngt von der Vorgeschichte ab. Es gibt drei M\u00f6glichkeiten: 1) Dem Amt sind s\u00e4mtliche bisherigen Informationen zur Betreibung bekannt. 2) Das Amt hat veraltete Informationen zur Betreibung. c) Das Amt hat keine Informationen zur Betreibung.<\/p>\n<p><a name=\"anchor06\"><\/a><strong>Welche Variante f\u00fcr die Fortsetzung soll ich anwenden?<\/strong><\/p>\n<p>Antwort: CC <em>original<\/em> wird verwendet, wenn die Betreibung beim gleichen Amt mit eSchKG eingeleitet worden ist und das Amt alle Informationen auf dem aktuellen Stand hat, einschliesslich allf\u00e4lliger Zahlungen des Schuldners. CC <em>modified<\/em> wird verwendet, wenn die Betreibung beim gleichen Amt mit eSchKG eingeleitet worden ist und es in der Zwischenzeit \u00c4nderungen an Daten des Gl\u00e4ubigers, des Schuldners oder der Forderung gegeben hat. CC <em>novel<\/em> wird verwendet, wenn die Fortsetzung in einem neuen Amt stattfindet. Aus der Sicht dieses Amtes handelt es sich um eine neue Betreibung.<\/p>\n<p><a name=\"anchor07\"><\/a><strong>Was ist der Unterschied zwischen major und minor Version?<\/strong><\/p>\n<p>Antwort: major und minor sagen aus, welche Abh\u00e4ngigkeit zwischen zwei aufeinanderfolgende eSchKG Versionen besteht. Eine neue Version heisst <em>major<\/em>, wenn sowohl Betreibungs\u00e4mter als auch Gl\u00e4ubiger ihre Software anpassen m\u00fcssen, um konform zum neuen Standard zu sein. Eine major Version erkennt man an der zweiten Ziffer, z.B. in 2.<span style=\"text-decoration: underline;\"><strong>1<\/strong><\/span>.01. Eine neue Version heisst <em>minor<\/em>, wenn Gl\u00e4ubiger die alte Version weiter verwenden k\u00f6nnen, auch wenn das Betreibungsamt schon die neue Version benutzt. Eine minor Version erkennt man an der dritten Ziffer, z.B. in 2.1.<span style=\"text-decoration: underline;\"><strong>02<\/strong><\/span>. Das bedeutet: 2.1.02 ist eine minor Version von 2.1.01, hingegen ist 2.2.01 eine major Version.<\/p>\n<p><a name=\"anchor08\"><\/a><strong>Warum dauert es so lange, eine neue eSchKG Version zu erstellen?<\/strong><\/p>\n<p>Antwort: Eine Anpassung am Datenmodell, auch wenn sie noch so klein ist, umfasst eine \u00c4nderung des eSchKG XML Schemas, eine Anpassung der eSchKG Handb\u00fccher inkl. \u00dcbersetzung sowie ein Update der diversen eSchKG Tools, wie z.B. Sanity Check. Danach wird die neue Version mit der sog. eSchKG Verordnung f\u00fcr rechtskr\u00e4ftig erkl\u00e4rt.<\/p>\n<p><a name=\"anchor09\"><\/a><strong>Was sind &#8222;charges&#8220;?<\/strong><\/p>\n<p>Antwort: Das Amt meldet die bis zu diesem Zeitpunkt aufgelaufenen Kosten des Verfahrens in den Schlussmeldungen zu den drei Haupt-Sequenzen CR, CC und RR. Konkret: In den Elementen SC\/charges, SP\/charges und RC\/charges zeigt das Betreibungsamt dem Gl\u00e4ubiger die Summe aller Kostenpositionen an, von denen es zum Zeitpunkt der Erstellung der Kosteninformation, d.h. im Moment der Abschlussmeldung weiss, dass sie dem Gl\u00e4ubiger zur Zahlung \u00fcberw\u00e4lzt werden oder worden sind.<\/p>\n<p><a name=\"anchor10\"><\/a><strong>Wie kann ich ein Begehren wieder r\u00fcckg\u00e4ngig machen?<\/strong><\/p>\n<p>Antwort: Wenn der Gl\u00e4ubiger merkt, dass er seine CC oder RR Meldung zu fr\u00fch abgeschickt hat, so kann er eine SR Meldung mit action <em>stop<\/em> nachsenden. Das Amt wird das urspr\u00fcngliche Begehren als annulliert betrachten und die Fortsetzung resp. Verwertung nicht einleiten, sofern der entsprechende Prozess im Amt nicht schon zu weit fortgeschritten ist. Der Erfolg h\u00e4ngt also von der Zeit zwischen dem Begehren und der <em>stop<\/em> Meldung ab. CC und RR sind die einzigen Meldungen, die mit <em>stop<\/em> r\u00fcckg\u00e4ngig gemacht werden k\u00f6nnen.<\/p>\n<p><a name=\"anchor11\"><\/a><strong>Was ist der Unterschied zwischen beenden und zur\u00fcckziehen?<\/strong><\/p>\n<p>Antwort: In beiden F\u00e4llen wird jede weitere Amtshandlung unterlassen und eine Schlussabrechnung erstellt. Wird die Betreibung <em>beendet<\/em>, so erscheint sie in einem sp\u00e4teren Betreibungsauszug des Schuldners. Wird die Betreibung <em>zur\u00fcckgezogen<\/em>, so erscheint sie in einem sp\u00e4teren Betreibungsauszug nicht.<\/p>\n<p><a name=\"anchor12\"><\/a><strong>Wie muss ich eine Betreibung beenden?<\/strong><\/p>\n<p>Antwort: Zum Beenden einer Betreibung senden Sie eine SR Meldung mit action <em>paid<\/em>.<\/p>\n<p><a name=\"anchor13\"><\/a><strong>Wie muss ich die Betreibung zur\u00fcckziehen?<\/strong><\/p>\n<p>Antwort: Um eine Betreibung zur\u00fcckzuziehen senden Sie eine SR Meldung mit action <em>undo<\/em>.<\/p>\n","protected":false},"excerpt":{"rendered":"<p>Wenn ich ein Begehren auf Papier einreiche, erhalte ich dann eSchKG Meldungen als Antwort? Wie lange dauert es, bis das Amt die SA Meldung schickt? Warum sendet mir das Amt eine Fehlermeldung (errors)? Warum wurde mein Begehren zur\u00fcckgewiesen (rejected)? Wieso gibt es mehr als eine Variante, um die Betreibung fortzusetzen? Welche Variante f\u00fcr die Fortsetzung &hellip; <a href=\"https:\/\/eschkg.interweavers.ch\/?page_id=424\" class=\"more-link\"><span class=\"screen-reader-text\">&#8222;H\u00e4ufige Fragen&#8220; <\/span>weiterlesen<\/a><\/p>\n","protected":false},"author":7,"featured_media":0,"parent":0,"menu_order":0,"comment_status":"closed","ping_status":"closed","template":"","meta":{"footnotes":""},"tags":[],"class_list":["post-424","page","type-page","status-publish","hentry"],"_links":{"self":[{"href":"https:\/\/eschkg.interweavers.ch\/index.php?rest_route=\/wp\/v2\/pages\/424","targetHints":{"allow":["GET"]}}],"collection":[{"href":"https:\/\/eschkg.interweavers.ch\/index.php?rest_route=\/wp\/v2\/pages"}],"about":[{"href":"https:\/\/eschkg.interweavers.ch\/index.php?rest_route=\/wp\/v2\/types\/page"}],"author":[{"embeddable":true,"href":"https:\/\/eschkg.interweavers.ch\/index.php?rest_route=\/wp\/v2\/users\/7"}],"replies":[{"embeddable":true,"href":"https:\/\/eschkg.interweavers.ch\/index.php?rest_route=%2Fwp%2Fv2%2Fcomments&post=424"}],"version-history":[{"count":16,"href":"https:\/\/eschkg.interweavers.ch\/index.php?rest_route=\/wp\/v2\/pages\/424\/revisions"}],"predecessor-version":[{"id":1619,"href":"https:\/\/eschkg.interweavers.ch\/index.php?rest_route=\/wp\/v2\/pages\/424\/revisions\/1619"}],"wp:attachment":[{"href":"https:\/\/eschkg.interweavers.ch\/index.php?rest_route=%2Fwp%2Fv2%2Fmedia&parent=424"}],"wp:term":[{"taxonomy":"post_tag","embeddable":true,"href":"https:\/\/eschkg.interweavers.ch\/index.php?rest_route=%2Fwp%2Fv2%2Ftags&post=424"}],"curies":[{"name":"wp","href":"https:\/\/api.w.org\/{rel}","templated":true}]}}