{"id":28,"date":"2016-08-18T10:51:10","date_gmt":"2016-08-18T08:51:10","guid":{"rendered":"http:\/\/eschkg.ch.80-74-146-216.ashley.xelon.ch\/?page_id=28"},"modified":"2024-02-01T13:25:13","modified_gmt":"2024-02-01T12:25:13","slug":"eschkg-statistik","status":"publish","type":"page","link":"https:\/\/eschkg.interweavers.ch\/?page_id=28","title":{"rendered":"eSchKG in Zahlen"},"content":{"rendered":"<p><strong>eSchKG im 2023<br \/><\/strong>2&#8217;266\u2019473 Betreibungen<br \/>789\u2019365 Registerausz\u00fcge<strong><br \/><\/strong><\/p>\n<p><strong>Verbund-Teilnehmer per 1.1.2024<br \/><\/strong>361 Betreibungs\u00e4mter<br \/>1137 Private (Gl\u00e4ubiger)<\/p>\n<hr \/>\n<p><strong>eSchKG im 2022<br \/><\/strong>1&#8217;942&#8217;765 Betreibungen<br \/>719&#8217;693 Registerausz\u00fcge<strong><br \/><\/strong><\/p>\n<p><strong>Verbund-Teilnehmer per 1.1.2023<br \/><\/strong>366 Betreibungs\u00e4mter<br \/>1075 Private (Gl\u00e4ubiger)<\/p>\n<hr \/>\n<p><strong>eSchKG im 2021<br \/><\/strong>1\u2018860\u2018659 Betreibungen<br \/>642\u2019810 Registerausz\u00fcge<strong><br \/><\/strong><\/p>\n<hr \/>\n<p><strong>eSchKG im 2020<br \/><\/strong>1&#8217;778\u2018752 Betreibungen<br \/>538&#8217;729 Registerausz\u00fcge<\/p>\n<hr \/>\n<p><strong>eSchKG im 2019<br \/><\/strong>1&#8217;897&#8217;489 Betreibungen<br \/>469&#8217;482 Registerausz\u00fcge<\/p>\n<hr \/>\n<p><strong>eSchKG im 2018<br \/><\/strong>1&#8217;676&#8217;234 Betreibungen<br \/>409&#8217;566 Registerausz\u00fcge<\/p>\n<hr \/>\n<p><strong>eSchKG im 2017<br \/><\/strong>1&#8217;277&#8217;698 Betreibungen<br \/>366&#8217;252 Registerausz\u00fcge<\/p>\n\n\n<p><\/p>\n","protected":false},"excerpt":{"rendered":"<p>eSchKG im 20232&#8217;266\u2019473 Betreibungen789\u2019365 Registerausz\u00fcge Verbund-Teilnehmer per 1.1.2024361 Betreibungs\u00e4mter1137 Private (Gl\u00e4ubiger) eSchKG im 20221&#8217;942&#8217;765 Betreibungen719&#8217;693 Registerausz\u00fcge Verbund-Teilnehmer per 1.1.2023366 Betreibungs\u00e4mter1075 Private (Gl\u00e4ubiger) eSchKG im 20211\u2018860\u2018659 Betreibungen642\u2019810 Registerausz\u00fcge eSchKG im 20201&#8217;778\u2018752 Betreibungen538&#8217;729 Registerausz\u00fcge eSchKG im 20191&#8217;897&#8217;489 Betreibungen469&#8217;482 Registerausz\u00fcge eSchKG im 20181&#8217;676&#8217;234 Betreibungen409&#8217;566 Registerausz\u00fcge eSchKG im 20171&#8217;277&#8217;698 Betreibungen366&#8217;252 Registerausz\u00fcge<\/p>\n","protected":false},"author":1,"featured_media":0,"parent":0,"menu_order":0,"comment_status":"closed","ping_status":"closed","template":"","meta":{"footnotes":""},"tags":[],"class_list":["post-28","page","type-page","status-publish","hentry"],"_links":{"self":[{"href":"https:\/\/eschkg.interweavers.ch\/index.php?rest_route=\/wp\/v2\/pages\/28","targetHints":{"allow":["GET"]}}],"collection":[{"href":"https:\/\/eschkg.interweavers.ch\/index.php?rest_route=\/wp\/v2\/pages"}],"about":[{"href":"https:\/\/eschkg.interweavers.ch\/index.php?rest_route=\/wp\/v2\/types\/page"}],"author":[{"embeddable":true,"href":"https:\/\/eschkg.interweavers.ch\/index.php?rest_route=\/wp\/v2\/users\/1"}],"replies":[{"embeddable":true,"href":"https:\/\/eschkg.interweavers.ch\/index.php?rest_route=%2Fwp%2Fv2%2Fcomments&post=28"}],"version-history":[{"count":30,"href":"https:\/\/eschkg.interweavers.ch\/index.php?rest_route=\/wp\/v2\/pages\/28\/revisions"}],"predecessor-version":[{"id":2585,"href":"https:\/\/eschkg.interweavers.ch\/index.php?rest_route=\/wp\/v2\/pages\/28\/revisions\/2585"}],"wp:attachment":[{"href":"https:\/\/eschkg.interweavers.ch\/index.php?rest_route=%2Fwp%2Fv2%2Fmedia&parent=28"}],"wp:term":[{"taxonomy":"post_tag","embeddable":true,"href":"https:\/\/eschkg.interweavers.ch\/index.php?rest_route=%2Fwp%2Fv2%2Ftags&post=28"}],"curies":[{"name":"wp","href":"https:\/\/api.w.org\/{rel}","templated":true}]}}