{"id":1121,"date":"2017-03-24T21:13:11","date_gmt":"2017-03-24T20:13:11","guid":{"rendered":"https:\/\/eschkg.interweavers.ch\/?page_id=1121"},"modified":"2021-02-18T13:32:54","modified_gmt":"2021-02-18T12:32:54","slug":"sanitycheck-plus","status":"publish","type":"page","link":"https:\/\/eschkg.interweavers.ch\/?page_id=1121&lang=fr","title":{"rendered":"SanityCheck (Plus)"},"content":{"rendered":"<p><a href=\"http:\/\/www.sanitycheck.ch\" target=\"_blank\" rel=\"noopener noreferrer\">www.sanitycheck.ch<\/a><\/p>\n<h3>SanityCheck<\/h3>\n<p>SanityCheck est une application Web qui permet de v\u00e9rifier la conformit\u00e9 des donn\u00e9es XML \u00e0 la norme e-LP. Une fois le fichier t\u00e9l\u00e9charg\u00e9 par l\u2019interm\u00e9diaire du navigateur, SanityCheck \u00e9dite un rapport de r\u00e9sultat.<\/p>\n<h3>SanityCheck PLUS<\/h3>\n<p>SanityCheck PLUS est une application Web qui permet de faire des simulations de poursuites. Il joue le r\u00f4le d&#8217;un office des poursuites auquel des messages test peuvent \u00eatre envoy\u00e9s par sedex et g\u00e9n\u00e8re les r\u00e9ponses ad\u00e9quates. L\u2019utilisateur peut piloter le comportement de cet office fictif par le biais du navigateur et notamment accepter ou refuser une demande envoy\u00e9e via sedex ou d\u00e9cider de faire opposition.<\/p>\n<p>La v\u00e9rification par SanityCheck PLUS est une mesure de contr\u00f4le qualit\u00e9 et une condition pr\u00e9alable \u00e0 la participation au r\u00e9seau e-LP. SanityCheck PLUS \u00e9tablit un rapport de r\u00e9sultat \u00e9lectronique qui doit \u00eatre joint \u00e0 la demande d\u2019activation envoy\u00e9e \u00e0 l\u2019Office f\u00e9d\u00e9ral de la justice.<\/p>\n<h3>Crit\u00e8res de test<\/h3>\n\n<table id=\"tablepress-40\" class=\"tablepress tablepress-id-40\">\n<thead>\n<tr class=\"row-1\">\n\t<th class=\"column-1\">s\u00e9quence<\/th><th class=\"column-2\">message<\/th><th class=\"column-3\">crit\u00e8res d'examen<\/th>\n<\/tr>\n<\/thead>\n<tbody class=\"row-hover\">\n<tr class=\"row-2\">\n\t<td class=\"column-1\">CR<\/td><td class=\"column-2\">CR<\/td><td class=\"column-3\">Structurellement valide, le message SC a \u00e9t\u00e9 cr\u00e9\u00e9 et envoy\u00e9 \u00e0 partir des informations et du choix de sc\u00e9nario de l'utilisateur (par exemple, opposition, copoursuivi, etc.)<\/td>\n<\/tr>\n<tr class=\"row-3\">\n\t<td class=\"column-1\">CC<\/td><td class=\"column-2\">CC original<\/td><td class=\"column-3\">Structurellement valide, le message SP a \u00e9t\u00e9 cr\u00e9\u00e9 et envoy\u00e9 \u00e0 partir des informations de l'utilisateur et de la s\u00e9lection de sc\u00e9narios (par exemple, saisie de salaire, acte de d\u00e9faut de biens apr\u00e8s saisie, etc.)<\/td>\n<\/tr>\n<tr class=\"row-4\">\n\t<td class=\"column-1\">CC<\/td><td class=\"column-2\">CC modified<\/td><td class=\"column-3\">Structurellement valide, le message SP a \u00e9t\u00e9 cr\u00e9\u00e9 et envoy\u00e9 \u00e0 partir des informations de l'utilisateur et de la s\u00e9lection de sc\u00e9narios (par exemple, saisie de salaire, acte de d\u00e9faut de biens apr\u00e8s saisie, etc.)<\/td>\n<\/tr>\n<tr class=\"row-5\">\n\t<td class=\"column-1\">CC<\/td><td class=\"column-2\">CC novel<\/td><td class=\"column-3\">Structurellement valide, le message SP a \u00e9t\u00e9 cr\u00e9\u00e9 et envoy\u00e9 \u00e0 partir des informations de l'utilisateur et de la s\u00e9lection de sc\u00e9narios (par exemple, saisie de salaire, acte de d\u00e9faut de biens apr\u00e8s saisie, etc.)<\/td>\n<\/tr>\n<tr class=\"row-6\">\n\t<td class=\"column-1\">RR<\/td><td class=\"column-2\">RR<\/td><td class=\"column-3\">Structurellement valide, le message SA a \u00e9t\u00e9 cr\u00e9\u00e9 et envoy\u00e9.<\/td>\n<\/tr>\n<tr class=\"row-7\">\n\t<td class=\"column-1\">SR<\/td><td class=\"column-2\">SR<\/td><td class=\"column-3\">Structurellement valide, le message SA a \u00e9t\u00e9 cr\u00e9\u00e9 et envoy\u00e9.<\/td>\n<\/tr>\n<tr class=\"row-8\">\n\t<td class=\"column-1\">PN<\/td><td class=\"column-2\">PN<\/td><td class=\"column-3\">Structurellement valide, le message SA a \u00e9t\u00e9 cr\u00e9\u00e9 et envoy\u00e9.<\/td>\n<\/tr>\n<tr class=\"row-9\">\n\t<td class=\"column-1\">DI<\/td><td class=\"column-2\">DI<\/td><td class=\"column-3\">Structurellement valide, le message DR a \u00e9t\u00e9 cr\u00e9\u00e9 et envoy\u00e9.<\/td>\n<\/tr>\n<tr class=\"row-10\">\n\t<td class=\"column-1\">SN<\/td><td class=\"column-2\">SN<\/td><td class=\"column-3\">ENVOYER: Structurellement valide.<\/td>\n<\/tr>\n<tr class=\"row-11\">\n\t<td class=\"column-1\">SN<\/td><td class=\"column-2\">SN<\/td><td class=\"column-3\">RECEPTION: Auto-test sans crit\u00e8res de test.<\/td>\n<\/tr>\n<tr class=\"row-12\">\n\t<td class=\"column-1\">PR<\/td><td class=\"column-2\">PR<\/td><td class=\"column-3\">Auto-test sans crit\u00e8res de test.<\/td>\n<\/tr>\n<tr class=\"row-13\">\n\t<td class=\"column-1\">IN<\/td><td class=\"column-2\">IN<\/td><td class=\"column-3\">Auto-test sans crit\u00e8res de test.<\/td>\n<\/tr>\n<\/tbody>\n<\/table>\n\n","protected":false},"excerpt":{"rendered":"<p>www.sanitycheck.ch SanityCheck SanityCheck est une application Web qui permet de v\u00e9rifier la conformit\u00e9 des donn\u00e9es XML \u00e0 la norme e-LP. Une fois le fichier t\u00e9l\u00e9charg\u00e9 par l\u2019interm\u00e9diaire du navigateur, SanityCheck \u00e9dite un rapport de r\u00e9sultat. SanityCheck PLUS SanityCheck PLUS est une application Web qui permet de faire des simulations de poursuites. Il joue le r\u00f4le &hellip; <a href=\"https:\/\/eschkg.interweavers.ch\/?page_id=1121&#038;lang=fr\" class=\"more-link\"><span class=\"screen-reader-text\">&#8222;SanityCheck (Plus)&#8220; <\/span>weiterlesen<\/a><\/p>\n","protected":false},"author":7,"featured_media":0,"parent":0,"menu_order":0,"comment_status":"closed","ping_status":"closed","template":"","meta":{"footnotes":""},"tags":[],"class_list":["post-1121","page","type-page","status-publish","hentry"],"_links":{"self":[{"href":"https:\/\/eschkg.interweavers.ch\/index.php?rest_route=\/wp\/v2\/pages\/1121","targetHints":{"allow":["GET"]}}],"collection":[{"href":"https:\/\/eschkg.interweavers.ch\/index.php?rest_route=\/wp\/v2\/pages"}],"about":[{"href":"https:\/\/eschkg.interweavers.ch\/index.php?rest_route=\/wp\/v2\/types\/page"}],"author":[{"embeddable":true,"href":"https:\/\/eschkg.interweavers.ch\/index.php?rest_route=\/wp\/v2\/users\/7"}],"replies":[{"embeddable":true,"href":"https:\/\/eschkg.interweavers.ch\/index.php?rest_route=%2Fwp%2Fv2%2Fcomments&post=1121"}],"version-history":[{"count":4,"href":"https:\/\/eschkg.interweavers.ch\/index.php?rest_route=\/wp\/v2\/pages\/1121\/revisions"}],"predecessor-version":[{"id":2039,"href":"https:\/\/eschkg.interweavers.ch\/index.php?rest_route=\/wp\/v2\/pages\/1121\/revisions\/2039"}],"wp:attachment":[{"href":"https:\/\/eschkg.interweavers.ch\/index.php?rest_route=%2Fwp%2Fv2%2Fmedia&parent=1121"}],"wp:term":[{"taxonomy":"post_tag","embeddable":true,"href":"https:\/\/eschkg.interweavers.ch\/index.php?rest_route=%2Fwp%2Fv2%2Ftags&post=1121"}],"curies":[{"name":"wp","href":"https:\/\/api.w.org\/{rel}","templated":true}]}}