{"id":1101,"date":"2016-08-18T10:57:32","date_gmt":"2016-08-18T08:57:32","guid":{"rendered":"https:\/\/eschkg.interweavers.ch\/?page_id=1101"},"modified":"2018-12-19T18:16:25","modified_gmt":"2018-12-19T17:16:25","slug":"bereitschaftsmeldung","status":"publish","type":"page","link":"https:\/\/eschkg.interweavers.ch\/?page_id=1101&lang=fr","title":{"rendered":"Demande d\u2019activation"},"content":{"rendered":"<p>Lien vers le <a href=\"https:\/\/eschkg.interweavers.ch\/?page_id=1103\">formulaire<\/a><\/p>\n<p><strong>Traitement de la demande<\/strong><br \/>\nPar cette demande, le cr\u00e9ancier signale \u00e0 l\u2019Office f\u00e9d\u00e9ral de la justice (OFJ) qu\u2019il est pr\u00eat \u00e0 passer \u00e0 l\u2019exploitation op\u00e9rationnelle et souhaite int\u00e9grer le r\u00e9seau e-LP. \u00a0L\u2019OFJ v\u00e9rifie la demande et fait parvenir au cr\u00e9ancier la convention e-LP par message SN. La convention doit \u00eatre retourn\u00e9e sign\u00e9e \u00e0 l\u2019OFJ; si le cr\u00e9ancier est une entreprise, la signature doit \u00eatre appos\u00e9e par une personne habilit\u00e9e \u00e0 repr\u00e9senter l\u2019entreprise selon le registre du commerce, s\u2019il s\u2019agit d\u2019un service administratif, par le chef du service. L\u2019activation a lieu si possible \u00e0 la date souhait\u00e9e.<\/p>\n<p><strong>D\u00e9lai de traitement<\/strong><br \/>\nLa demande doit parvenir \u00e0 l\u2019OFJ au moins 2 semaines avant la date d\u2019activation souhait\u00e9e.<\/p>\n","protected":false},"excerpt":{"rendered":"<p>Lien vers le formulaire Traitement de la demande Par cette demande, le cr\u00e9ancier signale \u00e0 l\u2019Office f\u00e9d\u00e9ral de la justice (OFJ) qu\u2019il est pr\u00eat \u00e0 passer \u00e0 l\u2019exploitation op\u00e9rationnelle et souhaite int\u00e9grer le r\u00e9seau e-LP. \u00a0L\u2019OFJ v\u00e9rifie la demande et fait parvenir au cr\u00e9ancier la convention e-LP par message SN. La convention doit \u00eatre retourn\u00e9e &hellip; <a href=\"https:\/\/eschkg.interweavers.ch\/?page_id=1101&#038;lang=fr\" class=\"more-link\"><span class=\"screen-reader-text\">&#8222;Demande d\u2019activation&#8220; <\/span>weiterlesen<\/a><\/p>\n","protected":false},"author":1,"featured_media":0,"parent":0,"menu_order":0,"comment_status":"closed","ping_status":"closed","template":"","meta":{"footnotes":""},"tags":[],"class_list":["post-1101","page","type-page","status-publish","hentry"],"_links":{"self":[{"href":"https:\/\/eschkg.interweavers.ch\/index.php?rest_route=\/wp\/v2\/pages\/1101","targetHints":{"allow":["GET"]}}],"collection":[{"href":"https:\/\/eschkg.interweavers.ch\/index.php?rest_route=\/wp\/v2\/pages"}],"about":[{"href":"https:\/\/eschkg.interweavers.ch\/index.php?rest_route=\/wp\/v2\/types\/page"}],"author":[{"embeddable":true,"href":"https:\/\/eschkg.interweavers.ch\/index.php?rest_route=\/wp\/v2\/users\/1"}],"replies":[{"embeddable":true,"href":"https:\/\/eschkg.interweavers.ch\/index.php?rest_route=%2Fwp%2Fv2%2Fcomments&post=1101"}],"version-history":[{"count":5,"href":"https:\/\/eschkg.interweavers.ch\/index.php?rest_route=\/wp\/v2\/pages\/1101\/revisions"}],"predecessor-version":[{"id":1119,"href":"https:\/\/eschkg.interweavers.ch\/index.php?rest_route=\/wp\/v2\/pages\/1101\/revisions\/1119"}],"wp:attachment":[{"href":"https:\/\/eschkg.interweavers.ch\/index.php?rest_route=%2Fwp%2Fv2%2Fmedia&parent=1101"}],"wp:term":[{"taxonomy":"post_tag","embeddable":true,"href":"https:\/\/eschkg.interweavers.ch\/index.php?rest_route=%2Fwp%2Fv2%2Ftags&post=1101"}],"curies":[{"name":"wp","href":"https:\/\/api.w.org\/{rel}","templated":true}]}}