{"id":1019,"date":"2017-03-21T13:59:07","date_gmt":"2017-03-21T12:59:07","guid":{"rendered":"https:\/\/eschkg.interweavers.ch\/?page_id=1019"},"modified":"2019-02-13T15:41:46","modified_gmt":"2019-02-13T14:41:46","slug":"eschkg-developers-group","status":"publish","type":"page","link":"https:\/\/eschkg.interweavers.ch\/?page_id=1019&lang=fr","title":{"rendered":"Groupe des d\u00e9veloppeurs e-LP"},"content":{"rendered":"<p>Les fournisseurs de logiciels destin\u00e9s aux offices des poursuites forment le groupe des d\u00e9veloppeurs e-LP, qui se r\u00e9unit r\u00e9guli\u00e8rement pour r\u00e9gler des probl\u00e8mes techniques et relayer les propositions \u00e9mises par les offices.<\/p>\n","protected":false},"excerpt":{"rendered":"<p>Les fournisseurs de logiciels destin\u00e9s aux offices des poursuites forment le groupe des d\u00e9veloppeurs e-LP, qui se r\u00e9unit r\u00e9guli\u00e8rement pour r\u00e9gler des probl\u00e8mes techniques et relayer les propositions \u00e9mises par les offices.<\/p>\n","protected":false},"author":7,"featured_media":0,"parent":0,"menu_order":0,"comment_status":"closed","ping_status":"closed","template":"","meta":{"footnotes":""},"tags":[],"class_list":["post-1019","page","type-page","status-publish","hentry"],"_links":{"self":[{"href":"https:\/\/eschkg.interweavers.ch\/index.php?rest_route=\/wp\/v2\/pages\/1019","targetHints":{"allow":["GET"]}}],"collection":[{"href":"https:\/\/eschkg.interweavers.ch\/index.php?rest_route=\/wp\/v2\/pages"}],"about":[{"href":"https:\/\/eschkg.interweavers.ch\/index.php?rest_route=\/wp\/v2\/types\/page"}],"author":[{"embeddable":true,"href":"https:\/\/eschkg.interweavers.ch\/index.php?rest_route=\/wp\/v2\/users\/7"}],"replies":[{"embeddable":true,"href":"https:\/\/eschkg.interweavers.ch\/index.php?rest_route=%2Fwp%2Fv2%2Fcomments&post=1019"}],"version-history":[{"count":3,"href":"https:\/\/eschkg.interweavers.ch\/index.php?rest_route=\/wp\/v2\/pages\/1019\/revisions"}],"predecessor-version":[{"id":1245,"href":"https:\/\/eschkg.interweavers.ch\/index.php?rest_route=\/wp\/v2\/pages\/1019\/revisions\/1245"}],"wp:attachment":[{"href":"https:\/\/eschkg.interweavers.ch\/index.php?rest_route=%2Fwp%2Fv2%2Fmedia&parent=1019"}],"wp:term":[{"taxonomy":"post_tag","embeddable":true,"href":"https:\/\/eschkg.interweavers.ch\/index.php?rest_route=%2Fwp%2Fv2%2Ftags&post=1019"}],"curies":[{"name":"wp","href":"https:\/\/api.w.org\/{rel}","templated":true}]}}